 0. What are the prime factors of (286/k - -1) + 40/100?
2, 3, 5
Suppose -89*r + 357*r = 1228763 + 727637. What are the prime factors of r?
2, 5, 73
Let i be 546/65 - 3/(-5). Let r be (-5)/3 + (-3)/i. What are the prime factors of 25/2*(r + 152/10)?
3, 5, 11
Let z be 6602/8 - ((-27)/12)/3. Suppose -3*q + 10*q = -z. What are the prime factors of -4 + 1 + 0 - q?
5, 23
Suppose -48*l = -49*l + 127. Suppose 0*j - l = -j. List the prime factors of j.
127
Let f = 34898 + 18118. List the prime factors of f.
2, 3, 47
Let f(z) be the first derivative of z**3/3 - z**2 + 368*z + 80. List the prime factors of f(0).
2, 23
Let x = 8683 + -4426. List the prime factors of x.
3, 11, 43
Suppose -4*p = k - 998, 10 = -37*p + 35*p. Suppose -5*n + 2*c + 1662 = 0, 4*n - n = -4*c + k. What are the prime factors of n?
2, 167
Suppose -35*i + 23*i + 82176 = 0. List the prime factors of i.
2, 107
Let v(d) = -d**3 - 6*d**2 + d + 2174. Let t be v(0). Let n = t + -1442. List the prime factors of n.
2, 3, 61
Let v(y) be the second derivative of 42*y**3 - 119*y**2/2 - 7*y - 7. List the prime factors of v(4).
7, 127
Suppose 0 = -10*o + 8*o - s + 25114, 3*o - 37645 = 5*s. What are the prime factors of o?
3, 5, 31
Suppose -2*q - q + 12 = 0. Suppose 8*b - q*b = -4*b. Suppose -j - 5*g + 5 + 13 = 0, b = -5*g. List the prime factors of j.
2, 3
Let j be (-47)/(3/(-2) + 1). Let p = -85 + j. What are the prime factors of 3/p + (-287)/(-3) + 3?
3, 11
Let k(f) = -186*f + 40. Let r = 299 + -302. What are the prime factors of k(r)?
2, 13, 23
Let q(a) = -6*a + 27. Let p be q(4). List the prime factors of 270 + -6 + p/6*-8.
2, 5, 13
Suppose -3*q + 6 = 5*l, 2*q - 43*l + 42*l - 17 = 0. Suppose -3*w - 6 = 0, w = q*t - 2*t - 4942. What are the prime factors of t?
2, 13, 19
Suppose 6*w = w - 3*x - 168, 2*w - 2*x + 80 = 0. Let c = w + 39. Suppose 0 = 3*g + 3*r - 63, -2*g + c*r - 7*r + 50 = 0. List the prime factors of g.
17
Let a = -99115 - -151108. List the prime factors of a.
3, 53, 109
Let h = 8 + -8. Suppose -s - 4 + 2 = -q, h = -3*q - 3*s - 6. Suppose -3*g + 106 - 14 = t, 3*t - g - 236 = q. What are the prime factors of t?
2, 5
Suppose 341563 = 126*l - 40*l - 95403. What are the prime factors of l?
5081
Let g(v) = -359*v**3 - 23*v**2 - 125*v + 88. What are the prime factors of g(-5)?
45013
Suppose 45*x - 265202 = -29*x + 209360. What are the prime factors of x?
11, 53
Suppose 16*o - 23 - 25 = 0. Suppose 4 = 2*z, 618 = o*l + 3*z - 165. What are the prime factors of l?
7, 37
Let r = 95 - 70. Suppose r*o + 1160 = 21*o. Let v = o - -495. List the prime factors of v.
5, 41
Let g(h) = 10*h**2 - 3*h + 6. Let i(a) = -2*a**2 + 6*a + 36. Let c be i(9). Let t = 74 + c. What are the prime factors of g(t)?
2, 5
List the prime factors of (2 + (-273)/6)*(4 - (-10624)/(-12)).
2, 29, 661
Let l be 2*(6 + (-30)/6). List the prime factors of ((-10)/l)/((-70)/5012).
2, 179
Let i be ((-40)/8)/((-2)/2). Suppose 475 = i*j - 375. Suppose 5*q - 5*t - 886 = -4*t, j = q - 2*t. List the prime factors of q.
2, 89
Let h(i) = -20*i - 65. Let q be h(-10). Suppose -13*y + 18*y = q. Suppose 895 = -22*r + y*r. What are the prime factors of r?
179
Suppose 92 = 4*u - 0*u. Suppose 14 = -2*w + 168. Let d = w - u. List the prime factors of d.
2, 3
Let x(j) = -j**3 + 11*j**2 - 16*j + 7. Let w be x(9). Suppose 4*n = -w*n + 10208. What are the prime factors of n?
2, 11
Let h(u) = -3*u**2 + 17*u - 68. Let j(w) = 151 - 49 - w**2 + 171 - 67*w + 14*w**2. Let k(x) = -9*h(x) - 2*j(x). List the prime factors of k(19).
2, 3, 11
Let s = 42 + -39. Let m be 3 - -85 - (0 + s). What are the prime factors of m + (0 - 2 - 1)?
2, 41
Let d(x) = 84*x**2 - 51*x - 1755. What are the prime factors of d(-22)?
3, 4447
Let g(b) = b**3 - 13*b**2 + b - 9. Let i be g(13). Suppose -i*r = -112 - 264. What are the prime factors of r?
2, 47
Let z(o) = -721*o**3 - o - 2. Let f be z(-1). Let q = -325 + f. What are the prime factors of q?
5, 79
Let a(m) = m**3 - 7*m**2 + 8*m - 10. Suppose 3*r + 0 = 18. Let i be a(r). Suppose 2*w - 192 = 5*y - 10, -3*w = -i*y - 262. What are the prime factors of w?
2, 43
Let y = 15938 - -122. List the prime factors of y.
2, 5, 11, 73
Suppose 6*n - 33 = -5*n. Suppose 51 = 4*x - 5*b, -33 = n*x - 5*x + 5*b. Let k = 156 - x. List the prime factors of k.
3, 7
Suppose 0*t - 5*t = 2*q + 13061, -3*t - 7843 = -2*q. Let h = -1449 - t. Suppose h = 9*x + 192. What are the prime factors of x?
2, 3
Let h be ((-9)/(-12))/(6/(-4))*-162. Let r = h - -129. List the prime factors of r.
2, 3, 5, 7
Suppose 0 = -185*y + 1442554 - 101489. List the prime factors of y.
11, 659
Let o(b) = 274*b - 400. Let d(r) = -55*r + 80. Let a(w) = -16*d(w) - 3*o(w). List the prime factors of a(10).
2, 5
Let t = 12 + -4. Suppose 9*x = t*x + 27. Let b = x - 20. List the prime factors of b.
7
Let k(w) = 1122*w**3 - 3*w**2 + 18*w - 33. List the prime factors of k(3).
2, 3, 631
Suppose 5*d = 11*t - 14*t + 46255, 0 = -5*d - 4*t + 46260. List the prime factors of d.
2, 17
Let t = 73449 + -31466. List the prime factors of t.
41983
Let g(s) = 6*s**3 + s**2 - 5*s + 19. Let v be g(4). Suppose w = 75 + v. List the prime factors of w.
2, 3, 79
Let j be 0 - (-92)/(0 - -4). Let v = 16 + j. What are the prime factors of v?
3, 13
Suppose 0*q = -2*q + 4*i + 3022, 4*q + 3*i - 6088 = 0. Suppose -q = -2*b + 4*w - 485, -8 = -2*w. What are the prime factors of b?
3, 5, 7
List the prime factors of (-30192)/(-6) - (1 - -9 - (26 - 23)).
3, 5, 67
Suppose 23 = 7*g + 2. Suppose -5*k - 37 = -3*i, -i + 0*i = 3*k - g. Suppose -v - 4*x = -10, 0 = 2*v + x - 18 - i. List the prime factors of v.
2, 7
Suppose k = -l + 23764, 0 = k + 4*l - 2*l - 23758. What are the prime factors of k?
2, 5, 2377
Let j be 0 + 6*5/15. Let q be 10/5*-2 - j. List the prime factors of 700/12 - (-2)/q.
2, 29
List the prime factors of 6642 - (-12*(-9)/(-18))/((-3)/(-4)).
2, 5, 7, 19
Suppose -3*i = p - 115139, -7*i - 3055 + 271757 = -4*p. What are the prime factors of i?
2, 3, 6397
What are the prime factors of (-12)/42 + (458017/49 - -3)?
2, 5, 11, 17
Let t = -46 - -51. Suppose 1 = -t*v - 124. List the prime factors of (-1 - (-335)/v)*-5.
2, 3
Let o(h) = h + 3. Let k(c) = c**2 + 15*c + 13. Let x be k(-14). Let w be o(x). Suppose -136 = -w*u + 152. List the prime factors of u.
2, 3
Suppose 2*c - 39 = -11*c. Suppose -4*x + 2*r = c*r - 1084, 3*x - 812 = -r. What are the prime factors of x?
2, 17
Let b(f) = -5*f + 6. Let z be b(-1). Suppose -z*k = -9*k - 154. List the prime factors of k.
7, 11
Let g = 5631 + -2797. List the prime factors of g.
2, 13, 109
Suppose -4*o + 56 = 2*f, -3*f + 2*f = -3*o - 53. Suppose 2*p = -f + 52. Suppose -p*m + 305 = -304. What are the prime factors of m?
3, 29
Suppose 4*d = -3*x + 19981, -2*d - 3*x = -3834 - 6161. List the prime factors of d.
4993
Let q(p) = -3*p - 13. Let o be q(-9). Suppose 1649 = 3*s + o*m - 19*m, m + 1633 = 3*s. List the prime factors of s.
3, 181
List the prime factors of (-16)/(-48)*0/(3 - -1) - -12672.
2, 3, 11
Suppose 10*h = 11*h + 5. Let g be (-1 - 0)*h/(15/84). Let f = 43 + g. List the prime factors of f.
71
Let z(w) = 998*w - 212. What are the prime factors of z(1)?
2, 3, 131
Let p(m) = -224*m + 6. Let n be p(-3). Let a = n + -202. Let k = a + -293. List the prime factors of k.
3, 61
Suppose -7*b + 100 = -12*b. Let p be (-1)/(-2) - 7970/b. Suppose 3*i = 2*m - p, 24 = 5*m + 4*i - 985. What are the prime factors of m?
3, 67
Let f(g) = -15*g + 12. Suppose 5*q - 4*s + 53 = -s, -5*q = s + 49. What are the prime factors of f(q)?
2, 3
Let t = 186 + -137. Suppose 0 = -t*c + 53*c - 920. List the prime factors of c.
2, 5, 23
Let l be ((-7)/(-84)*6)/(2/(-1616)). Let k = l - -476. List the prime factors of k.
2, 3
Let h = 272 + -271. What are the prime factors of (-5)/(h + -6)*-5 - -96?
7, 13
Suppose 219 = 20*r - 21. Suppose 7031 - 23087 = -r*a. What are the prime factors of a?
2, 3, 223
Suppose -3*b - 10 + 15 = -2*y, 5*y - 20 = b. Let k(u) = 36*u**2 - 14*u + 42. List the prime factors of k(b).
2, 109
Let j be 2 + -5*(-12)/(-10). Let w(z) = -266*z - 226. What are the prime factors of w(j)?
2, 419
Let y be 399 - (18 + -19)/((-2)/(-6)). Suppose j = 2*w + y + 390, -j = 4*w - 792. List the prime factors of j.
2, 3, 11
Suppose -9*j - 6*j + 184680 = 25*j. List the prime factors of j.
3, 19
Suppos